6 - 12) + 0 + (2 - 1).
-5
Evaluate -5 - -1 - (-11 + 5 + 5).
-3
What is -12 + -2 - (2 - 8)?
-8
What is the value of (-8 - -16) + (-22 - -13)?
-1
What is (-146 - -147) + (0 - -9)?
10
What is the value of (5 - -2) + -1 + 9 + -8?
7
Calculate (-4 - -8) + -5 - 2.
-3
What is -2 + 1 + 5 + -2?
2
What is the value of -3 + (0 - 1 - (-1 - 0))?
-3
-20 + 12 + 8 - (6 + -1)
-5
(-10 - (5 + -9)) + -4
-10
What is -5 + -3 + -4 + (8 - 2)?
-6
What is the value of 2 + 1 - (1 + 0)?
2
What is the value of (20 - 6 - 6) + (-1 - 4)?
3
Evaluate 2 - (-11 + 6 - -4).
3
What is 1 + -6 + 0 + 3?
-2
Calculate 8 + (-3 + 4 - (-12 + 18)).
3
Evaluate 3 - ((5 - (-2 - -4)) + 2).
-2
Calculate -5 - -5 - (-7 - -5 - -1).
1
What is -5 - (0 - (1 - (0 - -6)))?
-10
What is the value of 14 + -3 + (-9 - -6) + -6?
2
Calculate 0 - 4 - (3 + -2 + -3).
-2
What is 0 + 5 + -9 - -1?
-3
What is the value of -2 - (-3 + 4 + -3)?
0
What is 0 + (-11 + 5 - (-2 - 4))?
0
Evaluate 4 - (3 + (-7 - -1) + 8).
-1
What is -13 - (9 + -11 + -11)?
0
Calculate -2 + 8 + -17 + 4.
-7
Calculate -4 - (2 - 8) - (-3 - -1).
4
Evaluate (-3 + 11 - 2) + -6 + 3.
3
What is 4 + 9 + -20 + 2?
-5
Evaluate -1 + 1 + 7 + -4.
3
Evaluate (-2 - (-5 - -1) - 4) + 3.
1
What is the value of -9 + (1 - 2) + 5?
-5
What is the value of -6 - (-2 - 6 - -3)?
-1
Evaluate 378 - 370 - (1 + 0 + 2).
5
What is -6 - (-1 - -4) - (1 + -5)?
-5
What is 1 + 3 + 4 + -3 + -3?
2
What is 2 + (-10 - (-10 - -3))?
-1
What is -6 - ((-8 - 3) + 6)?
-1
(2 - 10) + 4 + -1 + -2
-7
1 - 0 - (-1 - (4 + -4))
2
Evaluate 2 + -3 + -1 - 1.
-3
Evaluate -6 + -1 + 1 + 10 + 3.
7
Calculate (-7 - (-4 - 2 - -2)) + 3.
0
What is 6 - (3 + (11 - 3)) - -5?
0
What is the value of 0 + 0 - 2 - -5?
3
6 + (-2 - -5) + -5
4
What is the value of -1 + -8 - (-69 + 60)?
0
What is 6 + 3 + -12 + 7?
4
Evaluate -4 + 12 - 9 - 3.
-4
Calculate (4 - (4 + 0)) + -2 + 4.
2
10 + -10 + 1 + (2 - -2)
5
What is 4 + -3 + -2 + -2 - 0?
-3
14 + (8 - (-8 - -27))
3
What is -23 + 25 + (-1 - (-2 - 0))?
3
What is the value of 1 + 3 + 0 + -8?
-4
Calculate 4 - (20 + -1 + -10).
-5
What is -2 + -4 - -9 - (1 - -1)?
1
(5 - 5) + 2 + -2
0
What is 7 + (9 + -21 - 0)?
-5
Calculate 1 - 4 - (-5 - (-2 + 2)).
2
Evaluate (11 - 6) + (-4 - -1).
2
What is -2 - (-4 - -3) - -8?
7
What is the value of 5 - (11 + -6 - (3 + 3))?
6
Calculate (-7 + -3 - -14) + 1 + 0.
5
What is the value of (0 - -3) + (-6 + 4 - 0)?
1
What is the value of 10 - (5 - (-3 + 4)) - 8?
-2
What is (1 - -1) + (0 - 3)?
-1
(8 - 1) + -1 + 6 + -3
9
Calculate (25 - 33) + 0 + (0 - -4).
-4
What is the value of -18 + 14 + (0 - -2)?
-2
What is the value of -6 + 10 + 7 + -1 + -5?
5
What is the value of 10 - (18 + -17) - (0 + 3)?
6
Evaluate -7 - ((3 - (-2 + 5)) + -2).
-5
2 + (26 - 32) + (-2 - -2)
-4
What is 2 + 2 + (3 - 8)?
-1
What is the value of 2 - 0 - (-48 + 56)?
-6
Evaluate 1 + 18 + -14 + 3.
8
What is 5 + 1 + 0 + -2?
4
What is 5 + -2 + 1 + -2?
2
1 + 5 + (-13 - -5)
-2
-13 - (-2 - (12 - 10))
-9
What is 6 - (6 + (-11 - (0 + -2)))?
9
What is 4 + 5 + -1 + -3 + 1?
6
3 + -3 + (5 - (13 + -4))
-4
What is 95 + -102 - (-1 - -1)?
-7
(3 - -3) + -3 + -1
2
What is the value of -12 - (-4 - -9) - -10?
-7
Evaluate (0 - -6) + -8 + -8 + 14.
4
Calculate -16 - (-11 + 12 - 10).
-7
Evaluate (9 - 3 - 14) + 4.
-4
Calculate -1 + 4 - (15 + -16).
4
Evaluate 9 + 3 + -7 - 1 - 3.
1
Calculate 23 - 32 - (-2 - 2).
-5
Calculate 2 - (5 + -7 - (1 - 1)).
4
-2 - (11 - 5 - 3 - 1)
-4
What is -3 - (-6 + 1 + (-3 - -2))?
3
Evaluate (-2 - -9) + -13 - 0.
-6
What is 2 + 0 + 1 + -8?
-5
Evaluate -2 + 0 - (-1 + -2 - -4).
-3
9 - 1 - (-18 - -21)
5
Evaluate 10 + -13 - -14 - 14.
-3
Calculate -7 - (3 - (-7 - -12)).
-5
What is 0 + (0 + 0 - 3)?
-3
Evaluate -3 - (2 - 2) - -2.
-1
What is the value of 1 + -1 + 1 + -7 + 12?
6
What is the value of -4 - (0 - 4) - -2?
2
What is the value of (-2 - 2) + 6 + 8 + -3?
7
What is 3 + (-7 - (3 + (3 - 7)))?
-3
What is the value of -5 + (11 - -1) + -2?
5
What is the value of -2 + 3 + 2 + 0 + -6?
-3
Calculate 6 - (-13 + 20 - (6 - -2)).
7
0 - 3 - (-8 - (-6 - -6))
5
What is -11 + (-10 - -4) + 14?
-3
-1 + -14 - (-27 - -16)
-4
Evaluate 4 + -4 - -5 - 11 - -4.
-2
What is (15 - 1 - 22) + 4 + 1?
-3
What is -1 - 2 - (-3 + (-11 - -5))?
6
(6 - 8) + 2 + -8 - -4
-4
What is -1 + -8 + -3 + -2 + 6?
-8
Calculate -2 + 5 - (6 + -1).
-2
Evaluate 1 + -13 - (-18 + 16).
-10
Calculate (-42 - -44) + (-1 + -1 - -2).
2
Calculate (2 - 3 - -2) + 2.
3
37 - 33 - (0 - -6)
-2
Evaluate -5 + (-6 - (-18 - -7)) - -3.
3
What is the value of -7 + 4 + 6 - (-3 + -1)?
7
(-4 + 5 - 1) + -1
-1
(-15 - -4) + -1 + 5
-7
Calculate -7 - -5 - (-1 + 3).
-4
What is -12 + 2 + (-6 - -8)?
-8
What is (7 + 5 - 5) + -5?
2
(0 + 1 - 0) + -18 + 14
-3
Evaluate 2 - (3 + -1) - 2.
-2
What is the value of -2 + 2 - (1 + -4)?
3
Evaluate -1 + -3 + -2 - (2 + -7).
-1
Calculate -23 + (-3 - -10) - -15.
-1
What is -1 - (3 - 1) - -10?
7
What is the value of 5 + -8 + 2 + 4 + -8?
-5
What is the value of -5 - (-2 + -6 + 5)?
-2
What is (-5 - -6) + -2 + -2?
-3
6 + -18 - -4 - -7
-1
Evaluate 8 + 3 - (7 + -1).
5
Evaluate 1 + 1 + (-1 - -4).
5
Calculate 2 - -3 - 4 - -2.
3
What is 13 - 5 - (29 + -24)?
3
What is (2 - (1 - 5)) + (42 - 48)?
0
What is the value of -6 - (-5 - (-8 - -7))?
-2
Calculate 3 + (-4 - 6 - -1).
-6
Evaluate 6 - (5 + (-3 - 0) + -1).
5
What is the value of -4 - (2 - 7 - 0)?
1
-2 + 5 - 7 - (0 + -1)
-3
Calculate (1 + -2 - 3 - 0) + 6.
2
Evaluate (4 - 1) + -22 + 18.
-1
What is the value of -5 + 5 - 3 - 3?
-6
What is -7 + 13 + (-9 - -2)?
-1
What is 2 + 0 - (8 + -8)?
2
6 + -5 + 3 + (2 - 3)
3
Calculate 1 + (-5 - (-2 + -2)).
0
Calculate -6 + (-8 - (-9 + 4)) + 2.
-7
14 + -13 - (0 + -2)
3
-2 + -5 + 2 - (22 - 31)
4
What is the value of (-1 + 4 - 5) + 7?
5
Evaluate (-24 - -27) + (-1 - -1) + -2.
1
What is the value of 0 + (-3 - (-2 + 2 - -1))?
-4
What is the value of 8 + (5 - (4 - (-7 - -3)))?
5
Calculate -3 + -3 + (0 - -2).
-4
Evaluate -109 + 95 + (-1 - -6).
-9
Calculate 0 + (-2 - -8) - 3.
3
Evaluate -2 + (-1 + -2 - (0 + -7)).
2
11 + -13 + -2 + -1
-5
What is (19 - 23) + (1 - -12)?
9
What is -1 + 2 - -1 - (-9 - -7)?
4
What is (-2 - 7) + (-9 - -18)?
0
Calculate -10 - (-15 - (-12 + 5)).
-2
Evaluate 5 + -36 + 21 - (-9 + 0).
-1
(-4 - -6) + 3 - 7
-2
5 - (1 + -3) - 2
5
(2 - 5) + -23 + 34
8
What is the value of (-9 - (8 - 9)) + 5?
-3
What is -3 - (-2 + 4 + -1)?
-4
-1 + 0 - -1 - (0 + 4)
-4
Calculate -3 + (3 - 5) - -8.
3
What is the value of 2 + 2 + 0 + 0 + -10?
-6
(-10 - -1) + 0 + 8 + -5
-6
Calculate 0 - (9 - 17 - (-4 - 0)).
4
What is the value of (5 - 8) + (-8 - -6)?
-5
Calculate 17 - (5 + 3) - 5.
4
Evaluate 6 - 0 - 1 - 5 - -6.
6
(0 - 4) + (8 - 1)
3
Evaluate 7 + -1 - (4 + 7).
-5
Calculate -4 + (3 - 6) - (-2 + -2).
-3
What is 0 - (1 - (5 - -1))?
5
Evaluate 1 + ((4 - 7) + 1 - 1).
-2
Evaluate -7 + (-5 - -11) + -2.
-3
What is the value of -1 - ((-4 - -2) + (-7 - -1))?
7
Calculate 5 + -4 + 0 + (2 - 1).
2
Calculate 9 + -19 + 36 + -23.
3
Calculate (-6 - (4 + -2)) + (-4 - -7).
-5
Evaluate (10 - 9 - 1) + (-5 - -1).
-4
Evaluate 1 + (-2 - 2) + 8.
5
Evaluate -7 - (1 + 5 - 10).
-3
What is 4 - 6 - (-2 + 1)?
-1
15 - (-5 - -15) - 9
-4
What is 0 + -6 + 6 - 3?
-3
What is 1 + -7 + (2 - 4) + 3?
-5
What is 16 - (5 + 1) - 18?
-8
Evaluate (8 + 0 - 7) + -1 + -2.
-2
Evaluate 3 - (3 + -5 + 5 - 2).
2
Evaluate 2 + -6 + (3 - 1).
-2
4 + 4 + -4 + -5
-1
What is the value of -19 + 17 + (-2 - -2)?
-2
What is (1 - (6 + -10)) + -3?
2
What is the value of -2 + 4 + 2 + 3 + -4?
3
What is the value of -2 - -1 - (-3 - -2 - -3)?
-3
Evaluate (7 - (5 - (1 - -5))) + -4.
4
Calculate -1 - -8 - (6 + -4).
5
What is the value of (0 - -1 - 1) + (1 - 2)?
-1
What is (5 - -6) + -16 + (12 - 3)?
4
What is -76 + 80 - (0 + 2) - 6?
-4
Calculate -7 + 4 + -4 + 6 + -3.
-4
6 + 8 + -6 + (-2 - 16)
-10
What is -10 + -7 + 5 + 7?
-5
-1 + (2 - -3 - 4) + -4
-4
Evaluate -39 - -34 - (-2 - -1 - 1).
-3
Calculate 5 + -1 + -1 + -14 + 2.
-9
What is the value of -6 + -3 + -3 + 21 - 5?
4
Calculate 0 - -1 - 4 - 2 - 1.
-6
Evaluate -2 + (-3 - 2) + -2 + 4.
-5
(6 - (-5 + 1)) + -3 + 0
7
What is the value of 1 - -1 - (1 + 2)?
-1
What is (2 - (-1 + 1)) + -7?
-5
What is the value of -13 + 0 + 2 + 10?
-1
Evaluate 0 + ((1 - 0) + -4 - 0).
-3
Evaluate (12 - (4 - -3)) + 1 + -2.
4
Calculate 2 - ((-4 - -5) + -6 - -4).
3
What is 1 + 3 + -1 - -2?
5
What is 0 + 0 + -14 + 19 + -3?
2
What is (2 - (-9